{"id":201,"date":"2023-08-11T14:40:17","date_gmt":"2023-08-11T13:40:17","guid":{"rendered":"https:\/\/www.katiuskak.com\/ikastaroak\/?page_id=201"},"modified":"2023-08-14T10:56:15","modified_gmt":"2023-08-14T09:56:15","slug":"cursos","status":"publish","type":"page","link":"https:\/\/www.katiuskak.com\/ikastaroak\/es\/cursos\/","title":{"rendered":"CURSOS"},"content":{"rendered":"<p>En el estudio <strong>Katiuskak<\/strong> ofrecemos cursos personalizados y organizados a medida para cada participante.<\/p>\n<p>Cada alumno tiene distintas necesidades y distintos ritmos de aprendizaje nosotros ofrecemos cursos personalizados para que cada participante saque el mayor rendimiento posible al curso.<\/p>\n<p>Los cursos de fotograf\u00eda se imparten en exteriores y de forma totalmente pr\u00e1ctica, cada alumno realizar el curso con su propia c\u00e1mara pero en caso de que no dispongas de una c\u00e1mara nosotros te dejaremos la nuestra. Los cursos personalizado de fotograf\u00eda se imparten en <strong>Pasai Donibane, Orereta-Errenteria o Donostia<\/strong>.<\/p>\n<p>Los curso de <strong>edici\u00f3n fotogr\u00e1fica, edici\u00f3n de v\u00eddeo y dise\u00f1o Web<\/strong> se pueden realizar en nuestro estudio de <strong>Pasai Donibane<\/strong> o desde tu casa en la modalidad <strong>online<\/strong>.<\/p>\n<p style=\"text-align: center;\">Respeto por la fotograf\u00eda y respeto por la persona.<br \/>\nNo vendemos un producto, practicamos un saber.<br \/>\nEscuchamos, analizamos, proponemos, acordamos, realizamos.<\/p>\n<p style=\"text-align: center;\"><strong>KATIUSKAK<\/strong><\/p>\n<p><img loading=\"lazy\" decoding=\"async\" class=\"alignnone size-full wp-image-336\" src=\"https:\/\/www.katiuskak.com\/ikastaroak\/wp-content\/uploads\/2023\/08\/web.jpg\" alt=\"\" width=\"1417\" height=\"943\" srcset=\"https:\/\/www.katiuskak.com\/ikastaroak\/wp-content\/uploads\/2023\/08\/web.jpg 1417w, https:\/\/www.katiuskak.com\/ikastaroak\/wp-content\/uploads\/2023\/08\/web-300x200.jpg 300w, https:\/\/www.katiuskak.com\/ikastaroak\/wp-content\/uploads\/2023\/08\/web-1024x681.jpg 1024w, https:\/\/www.katiuskak.com\/ikastaroak\/wp-content\/uploads\/2023\/08\/web-768x511.jpg 768w\" sizes=\"auto, (max-width: 1417px) 100vw, 1417px\" \/><\/p>\n<p><strong>Si tienes cualquier otra necesidad cu\u00e9ntanos tu idea y nosotros lo analizaremos:<\/strong><\/p>\n\n<div class=\"wpcf7 no-js\" id=\"wpcf7-f407-o1\" lang=\"eu\" dir=\"ltr\" data-wpcf7-id=\"407\">\n<div class=\"screen-reader-response\"><p role=\"status\" aria-live=\"polite\" aria-atomic=\"true\"><\/p> <ul><\/ul><\/div>\n<form action=\"\/ikastaroak\/wp-json\/wp\/v2\/pages\/201#wpcf7-f407-o1\" method=\"post\" class=\"wpcf7-form init\" aria-label=\"Contact form\" novalidate=\"novalidate\" data-status=\"init\">\n<div style=\"display: none;\">\n<input type=\"hidden\" name=\"_wpcf7\" value=\"407\" \/>\n<input type=\"hidden\" name=\"_wpcf7_version\" value=\"6.0\" \/>\n<input type=\"hidden\" name=\"_wpcf7_locale\" value=\"eu\" \/>\n<input type=\"hidden\" name=\"_wpcf7_unit_tag\" value=\"wpcf7-f407-o1\" \/>\n<input type=\"hidden\" name=\"_wpcf7_container_post\" value=\"0\" \/>\n<input type=\"hidden\" name=\"_wpcf7_posted_data_hash\" value=\"\" \/>\n<\/div>\n<p><label> Nombre y apellidos:<br \/>\n<span class=\"wpcf7-form-control-wrap\" data-name=\"your-name\"><input size=\"40\" maxlength=\"400\" class=\"wpcf7-form-control wpcf7-text wpcf7-validates-as-required\" autocomplete=\"name\" aria-required=\"true\" aria-invalid=\"false\" value=\"\" type=\"text\" name=\"your-name\" \/><\/span> <\/label>\n<\/p>\n<p><label> Correo electr\u00f3nico:<br \/>\n<span class=\"wpcf7-form-control-wrap\" data-name=\"your-email\"><input size=\"40\" maxlength=\"400\" class=\"wpcf7-form-control wpcf7-email wpcf7-validates-as-required wpcf7-text wpcf7-validates-as-email\" autocomplete=\"email\" aria-required=\"true\" aria-invalid=\"false\" value=\"\" type=\"email\" name=\"your-email\" \/><\/span> <\/label>\n<\/p>\n<p><label> N\u00famero de tel\u00e9fono:<br \/>\n<span class=\"wpcf7-form-control-wrap\" data-name=\"tel-886\"><input size=\"40\" maxlength=\"400\" class=\"wpcf7-form-control wpcf7-tel wpcf7-text wpcf7-validates-as-tel\" aria-invalid=\"false\" value=\"\" type=\"tel\" name=\"tel-886\" \/><\/span> <\/label>\n<\/p>\n<p><label> Asunto:<br \/>\n<span class=\"wpcf7-form-control-wrap\" data-name=\"your-subject\"><input size=\"40\" maxlength=\"400\" class=\"wpcf7-form-control wpcf7-text wpcf7-validates-as-required\" aria-required=\"true\" aria-invalid=\"false\" value=\"\" type=\"text\" name=\"your-subject\" \/><\/span> <\/label>\n<\/p>\n<p><label> Mensaje:<br \/>\n<span class=\"wpcf7-form-control-wrap\" data-name=\"your-message\"><textarea cols=\"40\" rows=\"10\" maxlength=\"2000\" class=\"wpcf7-form-control wpcf7-textarea\" aria-invalid=\"false\" name=\"your-message\"><\/textarea><\/span> <\/label>\n<\/p>\n<p><input class=\"wpcf7-form-control wpcf7-submit has-spinner\" type=\"submit\" value=\"Enviar\" \/>\n<\/p>\n<p><span id=\"wpcf7-69e7a26170ccd-wrapper\" class=\"wpcf7-form-control-wrap honeypot-873-wrap\" style=\"display:none !important; visibility:hidden !important;\"><label for=\"wpcf7-69e7a26170ccd-field\" class=\"hp-message\">Please leave this field empty.<\/label><input id=\"wpcf7-69e7a26170ccd-field\"  class=\"wpcf7-form-control wpcf7-text\" type=\"text\" name=\"honeypot-873\" value=\"\" size=\"40\" tabindex=\"-1\" autocomplete=\"new-password\" \/><\/span>\n<\/p><p style=\"display: none !important;\" class=\"akismet-fields-container\" data-prefix=\"_wpcf7_ak_\"><label>&#916;<textarea name=\"_wpcf7_ak_hp_textarea\" cols=\"45\" rows=\"8\" maxlength=\"100\"><\/textarea><\/label><input type=\"hidden\" id=\"ak_js_1\" name=\"_wpcf7_ak_js\" value=\"21\"\/><script>document.getElementById( \"ak_js_1\" ).setAttribute( \"value\", ( new Date() ).getTime() );<\/script><\/p><div class=\"wpcf7-response-output\" aria-hidden=\"true\"><\/div>\n<\/form>\n<\/div>\n\n","protected":false},"excerpt":{"rendered":"<p>En el estudio Katiuskak ofrecemos cursos personalizados y organizados a medida para cada participante. Cada alumno tiene distintas necesidades y distintos ritmos de aprendizaje nosotros [&hellip;]<\/p>\n","protected":false},"author":1,"featured_media":0,"parent":0,"menu_order":0,"comment_status":"closed","ping_status":"closed","template":"","meta":{"footnotes":""},"class_list":["post-201","page","type-page","status-publish","hentry"],"yoast_head":"<!-- This site is optimized with the Yoast SEO plugin v23.9 - https:\/\/yoast.com\/wordpress\/plugins\/seo\/ -->\n<title>CURSOS - KATIUSKAK<\/title>\n<meta name=\"description\" content=\"Cursos personalizados de fotograf\u00eda, v\u00eddeo y dise\u00f1o web. Podr\u00e1s realizar los cursos de forma presencial u online\" \/>\n<meta name=\"robots\" content=\"index, follow, max-snippet:-1, max-image-preview:large, max-video-preview:-1\" \/>\n<link rel=\"canonical\" href=\"https:\/\/www.katiuskak.com\/ikastaroak\/es\/cursos\/\" \/>\n<meta property=\"og:locale\" content=\"es_ES\" \/>\n<meta property=\"og:type\" content=\"article\" \/>\n<meta property=\"og:title\" content=\"CURSOS - KATIUSKAK\" \/>\n<meta property=\"og:description\" content=\"Cursos personalizados de fotograf\u00eda, v\u00eddeo y dise\u00f1o web. Podr\u00e1s realizar los cursos de forma presencial u online\" \/>\n<meta property=\"og:url\" content=\"https:\/\/www.katiuskak.com\/ikastaroak\/es\/cursos\/\" \/>\n<meta property=\"og:site_name\" content=\"KATIUSKAK\" \/>\n<meta property=\"article:publisher\" content=\"http:\/\/www.facebook.com\/katiuskakargazkiestudioa\" \/>\n<meta property=\"article:modified_time\" content=\"2023-08-14T09:56:15+00:00\" \/>\n<meta property=\"og:image\" content=\"https:\/\/www.katiuskak.com\/ikastaroak\/wp-content\/uploads\/2023\/08\/web.jpg\" \/>\n<meta name=\"twitter:card\" content=\"summary_large_image\" \/>\n<meta name=\"twitter:label1\" content=\"Tiempo de lectura\" \/>\n\t<meta name=\"twitter:data1\" content=\"2 minutos\" \/>\n<script type=\"application\/ld+json\" class=\"yoast-schema-graph\">{\"@context\":\"https:\/\/schema.org\",\"@graph\":[{\"@type\":\"WebPage\",\"@id\":\"https:\/\/www.katiuskak.com\/ikastaroak\/es\/cursos\/\",\"url\":\"https:\/\/www.katiuskak.com\/ikastaroak\/es\/cursos\/\",\"name\":\"CURSOS - KATIUSKAK\",\"isPartOf\":{\"@id\":\"https:\/\/www.katiuskak.com\/ikastaroak\/#website\"},\"primaryImageOfPage\":{\"@id\":\"https:\/\/www.katiuskak.com\/ikastaroak\/es\/cursos\/#primaryimage\"},\"image\":{\"@id\":\"https:\/\/www.katiuskak.com\/ikastaroak\/es\/cursos\/#primaryimage\"},\"thumbnailUrl\":\"https:\/\/www.katiuskak.com\/ikastaroak\/wp-content\/uploads\/2023\/08\/web.jpg\",\"datePublished\":\"2023-08-11T13:40:17+00:00\",\"dateModified\":\"2023-08-14T09:56:15+00:00\",\"description\":\"Cursos personalizados de fotograf\u00eda, v\u00eddeo y dise\u00f1o web. Podr\u00e1s realizar los cursos de forma presencial u online\",\"breadcrumb\":{\"@id\":\"https:\/\/www.katiuskak.com\/ikastaroak\/es\/cursos\/#breadcrumb\"},\"inLanguage\":\"es\",\"potentialAction\":[{\"@type\":\"ReadAction\",\"target\":[\"https:\/\/www.katiuskak.com\/ikastaroak\/es\/cursos\/\"]}]},{\"@type\":\"ImageObject\",\"inLanguage\":\"es\",\"@id\":\"https:\/\/www.katiuskak.com\/ikastaroak\/es\/cursos\/#primaryimage\",\"url\":\"https:\/\/www.katiuskak.com\/ikastaroak\/wp-content\/uploads\/2023\/08\/web.jpg\",\"contentUrl\":\"https:\/\/www.katiuskak.com\/ikastaroak\/wp-content\/uploads\/2023\/08\/web.jpg\",\"width\":1417,\"height\":943},{\"@type\":\"BreadcrumbList\",\"@id\":\"https:\/\/www.katiuskak.com\/ikastaroak\/es\/cursos\/#breadcrumb\",\"itemListElement\":[{\"@type\":\"ListItem\",\"position\":1,\"name\":\"Home\",\"item\":\"https:\/\/www.katiuskak.com\/ikastaroak\/es\/\"},{\"@type\":\"ListItem\",\"position\":2,\"name\":\"CURSOS\"}]},{\"@type\":\"WebSite\",\"@id\":\"https:\/\/www.katiuskak.com\/ikastaroak\/#website\",\"url\":\"https:\/\/www.katiuskak.com\/ikastaroak\/\",\"name\":\"KATIUSKAK\",\"description\":\"Cursos personalizados de fotograf\u00eda\",\"publisher\":{\"@id\":\"https:\/\/www.katiuskak.com\/ikastaroak\/#organization\"},\"alternateName\":\"Argazkigintza ikastaro pertsonalizatuak \/ Cursos personalizados de fotograf\u00eda\",\"potentialAction\":[{\"@type\":\"SearchAction\",\"target\":{\"@type\":\"EntryPoint\",\"urlTemplate\":\"https:\/\/www.katiuskak.com\/ikastaroak\/?s={search_term_string}\"},\"query-input\":{\"@type\":\"PropertyValueSpecification\",\"valueRequired\":true,\"valueName\":\"search_term_string\"}}],\"inLanguage\":\"es\"},{\"@type\":\"Organization\",\"@id\":\"https:\/\/www.katiuskak.com\/ikastaroak\/#organization\",\"name\":\"KATIUSKAK ESTUDIOA (Argazkigintza ikastaroak)\",\"alternateName\":\"KATIUSKAK ESTUDIOA (Cursos de fotograf\u00eda)\",\"url\":\"https:\/\/www.katiuskak.com\/ikastaroak\/\",\"logo\":{\"@type\":\"ImageObject\",\"inLanguage\":\"es\",\"@id\":\"https:\/\/www.katiuskak.com\/ikastaroak\/#\/schema\/logo\/image\/\",\"url\":\"https:\/\/www.katiuskak.com\/ikastaroak\/wp-content\/uploads\/2024\/10\/logo.jpg\",\"contentUrl\":\"https:\/\/www.katiuskak.com\/ikastaroak\/wp-content\/uploads\/2024\/10\/logo.jpg\",\"width\":959,\"height\":959,\"caption\":\"KATIUSKAK ESTUDIOA (Argazkigintza ikastaroak)\"},\"image\":{\"@id\":\"https:\/\/www.katiuskak.com\/ikastaroak\/#\/schema\/logo\/image\/\"},\"sameAs\":[\"http:\/\/www.facebook.com\/katiuskakargazkiestudioa\"]}]}<\/script>\n<!-- \/ Yoast SEO plugin. -->","yoast_head_json":{"title":"CURSOS - KATIUSKAK","description":"Cursos personalizados de fotograf\u00eda, v\u00eddeo y dise\u00f1o web. Podr\u00e1s realizar los cursos de forma presencial u online","robots":{"index":"index","follow":"follow","max-snippet":"max-snippet:-1","max-image-preview":"max-image-preview:large","max-video-preview":"max-video-preview:-1"},"canonical":"https:\/\/www.katiuskak.com\/ikastaroak\/es\/cursos\/","og_locale":"es_ES","og_type":"article","og_title":"CURSOS - KATIUSKAK","og_description":"Cursos personalizados de fotograf\u00eda, v\u00eddeo y dise\u00f1o web. Podr\u00e1s realizar los cursos de forma presencial u online","og_url":"https:\/\/www.katiuskak.com\/ikastaroak\/es\/cursos\/","og_site_name":"KATIUSKAK","article_publisher":"http:\/\/www.facebook.com\/katiuskakargazkiestudioa","article_modified_time":"2023-08-14T09:56:15+00:00","og_image":[{"url":"https:\/\/www.katiuskak.com\/ikastaroak\/wp-content\/uploads\/2023\/08\/web.jpg"}],"twitter_card":"summary_large_image","twitter_misc":{"Tiempo de lectura":"2 minutos"},"schema":{"@context":"https:\/\/schema.org","@graph":[{"@type":"WebPage","@id":"https:\/\/www.katiuskak.com\/ikastaroak\/es\/cursos\/","url":"https:\/\/www.katiuskak.com\/ikastaroak\/es\/cursos\/","name":"CURSOS - KATIUSKAK","isPartOf":{"@id":"https:\/\/www.katiuskak.com\/ikastaroak\/#website"},"primaryImageOfPage":{"@id":"https:\/\/www.katiuskak.com\/ikastaroak\/es\/cursos\/#primaryimage"},"image":{"@id":"https:\/\/www.katiuskak.com\/ikastaroak\/es\/cursos\/#primaryimage"},"thumbnailUrl":"https:\/\/www.katiuskak.com\/ikastaroak\/wp-content\/uploads\/2023\/08\/web.jpg","datePublished":"2023-08-11T13:40:17+00:00","dateModified":"2023-08-14T09:56:15+00:00","description":"Cursos personalizados de fotograf\u00eda, v\u00eddeo y dise\u00f1o web. Podr\u00e1s realizar los cursos de forma presencial u online","breadcrumb":{"@id":"https:\/\/www.katiuskak.com\/ikastaroak\/es\/cursos\/#breadcrumb"},"inLanguage":"es","potentialAction":[{"@type":"ReadAction","target":["https:\/\/www.katiuskak.com\/ikastaroak\/es\/cursos\/"]}]},{"@type":"ImageObject","inLanguage":"es","@id":"https:\/\/www.katiuskak.com\/ikastaroak\/es\/cursos\/#primaryimage","url":"https:\/\/www.katiuskak.com\/ikastaroak\/wp-content\/uploads\/2023\/08\/web.jpg","contentUrl":"https:\/\/www.katiuskak.com\/ikastaroak\/wp-content\/uploads\/2023\/08\/web.jpg","width":1417,"height":943},{"@type":"BreadcrumbList","@id":"https:\/\/www.katiuskak.com\/ikastaroak\/es\/cursos\/#breadcrumb","itemListElement":[{"@type":"ListItem","position":1,"name":"Home","item":"https:\/\/www.katiuskak.com\/ikastaroak\/es\/"},{"@type":"ListItem","position":2,"name":"CURSOS"}]},{"@type":"WebSite","@id":"https:\/\/www.katiuskak.com\/ikastaroak\/#website","url":"https:\/\/www.katiuskak.com\/ikastaroak\/","name":"KATIUSKAK","description":"Cursos personalizados de fotograf\u00eda","publisher":{"@id":"https:\/\/www.katiuskak.com\/ikastaroak\/#organization"},"alternateName":"Argazkigintza ikastaro pertsonalizatuak \/ Cursos personalizados de fotograf\u00eda","potentialAction":[{"@type":"SearchAction","target":{"@type":"EntryPoint","urlTemplate":"https:\/\/www.katiuskak.com\/ikastaroak\/?s={search_term_string}"},"query-input":{"@type":"PropertyValueSpecification","valueRequired":true,"valueName":"search_term_string"}}],"inLanguage":"es"},{"@type":"Organization","@id":"https:\/\/www.katiuskak.com\/ikastaroak\/#organization","name":"KATIUSKAK ESTUDIOA (Argazkigintza ikastaroak)","alternateName":"KATIUSKAK ESTUDIOA (Cursos de fotograf\u00eda)","url":"https:\/\/www.katiuskak.com\/ikastaroak\/","logo":{"@type":"ImageObject","inLanguage":"es","@id":"https:\/\/www.katiuskak.com\/ikastaroak\/#\/schema\/logo\/image\/","url":"https:\/\/www.katiuskak.com\/ikastaroak\/wp-content\/uploads\/2024\/10\/logo.jpg","contentUrl":"https:\/\/www.katiuskak.com\/ikastaroak\/wp-content\/uploads\/2024\/10\/logo.jpg","width":959,"height":959,"caption":"KATIUSKAK ESTUDIOA (Argazkigintza ikastaroak)"},"image":{"@id":"https:\/\/www.katiuskak.com\/ikastaroak\/#\/schema\/logo\/image\/"},"sameAs":["http:\/\/www.facebook.com\/katiuskakargazkiestudioa"]}]}},"_links":{"self":[{"href":"https:\/\/www.katiuskak.com\/ikastaroak\/wp-json\/wp\/v2\/pages\/201","targetHints":{"allow":["GET"]}}],"collection":[{"href":"https:\/\/www.katiuskak.com\/ikastaroak\/wp-json\/wp\/v2\/pages"}],"about":[{"href":"https:\/\/www.katiuskak.com\/ikastaroak\/wp-json\/wp\/v2\/types\/page"}],"author":[{"embeddable":true,"href":"https:\/\/www.katiuskak.com\/ikastaroak\/wp-json\/wp\/v2\/users\/1"}],"replies":[{"embeddable":true,"href":"https:\/\/www.katiuskak.com\/ikastaroak\/wp-json\/wp\/v2\/comments?post=201"}],"version-history":[{"count":5,"href":"https:\/\/www.katiuskak.com\/ikastaroak\/wp-json\/wp\/v2\/pages\/201\/revisions"}],"predecessor-version":[{"id":417,"href":"https:\/\/www.katiuskak.com\/ikastaroak\/wp-json\/wp\/v2\/pages\/201\/revisions\/417"}],"wp:attachment":[{"href":"https:\/\/www.katiuskak.com\/ikastaroak\/wp-json\/wp\/v2\/media?parent=201"}],"curies":[{"name":"wp","href":"https:\/\/api.w.org\/{rel}","templated":true}]}}